
7
Calculate the remainder when 143 is divided by 18.
17
Calculate the remainder when 4077 is divided by 85.
82
What is the remainder when 11945 is divided by 181?
180
What is the remainder when 527 is divided by 86?
11
Calculate the remainder when 636 is divided by 99.
42
Calculate the remainder when 3393 is divided by 6.
3
Calculate the remainder when 22722 is divided by 31.
30
What is the remainder when 395 is divided by 3?
2
What is the remainder when 5299 is divided by 77?
63
What is the remainder when 106 is divided by 58?
48
What is the remainder when 1198 is divided by 591?
16
What is the remainder when 448 is divided by 210?
28
What is the remainder when 1573 is divided by 391?
9
Calculate the remainder when 1550 is divided by 33.
32
Calculate the remainder when 343 is divided by 8.
7
Calculate the remainder when 760 is divided by 47.
8
What is the remainder when 171 is divided by 31?
16
What is the remainder when 10007 is divided by 19?
13
What is the remainder when 140 is divided by 49?
42
Calculate the remainder when 831 is divided by 198.
39
Calculate the remainder when 853 is divided by 21.
13
What is the remainder when 33 is divided by 5?
3
Calculate the remainder when 132 is divided by 48.
36
What is the remainder when 525 is divided by 33?
30
What is the remainder when 1090 is divided by 102?
70
What is the remainder when 49 is divided by 27?
22
Calculate the remainder when 26 is divided by 16.
10
Calculate the remainder when 69 is divided by 55.
14
What is the remainder when 4092 is divided by 82?
74
What is the remainder when 1119 is divided by 556?
7
Calculate the remainder when 219 is divided by 74.
71
Calculate the remainder when 453 is divided by 12.
9
What is the remainder when 1521 is divided by 192?
177
What is the remainder when 168 is divided by 155?
13
What is the remainder when 825 is divided by 138?
135
What is the remainder when 1035 is divided by 31?
12
Calculate the remainder when 16266 is divided by 51.
48
What is the remainder when 340 is divided by 43?
39
What is the remainder when 1917 is divided by 14?
13
What is the remainder when 239 is divided by 27?
23
Calculate the remainder when 2852 is divided by 102.
98
Calculate the remainder when 1295 is divided by 36.
35
Calculate the remainder when 15 is divided by 3.
0
What is the remainder when 548 is divided by 92?
88
What is the remainder when 176 is divided by 32?
16
Calculate the remainder when 1417 is divided by 119.
108
What is the remainder when 734 is divided by 120?
14
Calculate the remainder when 3228 is divided by 95.
93
What is the remainder when 37 is divided by 32?
5
What is the remainder when 13885 is divided by 9?
7
What is the remainder when 557 is divided by 36?
17
Calculate the remainder when 221 is divided by 96.
29
What is the remainder when 487 is divided by 15?
7
What is the remainder when 2416 is divided by 31?
29
What is the remainder when 595 is divided by 100?
95
Calculate the remainder when 1887 is divided by 42.
39
What is the remainder when 883 is divided by 81?
73
What is the remainder when 1393 is divided by 304?
177
What is the remainder when 134 is divided by 68?
66
What is the remainder when 23 is divided by 17?
6
Calculate the remainder when 47 is divided by 7.
5
What is the remainder when 308 is divided by 204?
104
What is the remainder when 361 is divided by 11?
9
What is the remainder when 83 is divided by 23?
14
What is the remainder when 199 is divided by 57?
28
What is the remainder when 10 is divided by 8?
2
Calculate the remainder when 3345 is divided by 124.
121
Calculate the remainder when 227 is divided by 39.
32
What is the remainder when 118 is divided by 29?
2
Calculate the remainder when 142 is divided by 18.
16
What is the remainder when 515 is divided by 130?
125
Calculate the remainder when 289 is divided by 275.
14
What is the remainder when 194 is divided by 16?
2
Calculate the remainder when 733 is divided by 46.
43
Calculate the remainder when 237 is divided by 2.
1
What is the remainder when 95 is divided by 45?
5
Calculate the remainder when 8492 is divided by 274.
272
Calculate the remainder when 1303 is divided by 259.
8
What is the remainder when 503 is divided by 223?
57
What is the remainder when 215 is divided by 4?
3
What is the remainder when 197 is divided by 25?
22
Calculate the remainder when 1540 is divided by 263.
225
Calculate the remainder when 860 is divided by 54.
50
Calculate the remainder when 380 is divided by 65.
55
Calculate the remainder when 304 is divided by 12.
4
Calculate the remainder when 57 is divided by 29.
28
Calculate the remainder when 243 is divided by 35.
33
Calculate the remainder when 144 is divided by 58.
28
Calculate the remainder when 416 is divided by 15.
11
What is the remainder when 749 is divided by 10?
9
Calculate the remainder when 414 is divided by 8.
6
Calculate the remainder when 175 is divided by 81.
13
Calculate the remainder when 1 is divided by 1.
0
What is the remainder when 323 is divided by 36?
35
What is the remainder when 347 is divided by 114?
5
What is the remainder when 10972 is divided by 49?
45
What is the remainder when 1385 is divided by 103?
46
What is the remainder when 655 is divided by 55?
50
What is the remainder when 2601 is divided by 32?
9
What is the remainder when 2328 is divided by 37?
34
Calculate the remainder when 505 is divided by 43.
32
Calculate the remainder when 283 is divided by 94.
1
Calculate the remainder when 12967 is divided by 276.
271
What is the remainder when 497 is divided by 51?
38
Calculate the remainder when 235 is divided by 155.
80
Calculate the remainder when 326 is divided by 25.
1
Calculate the remainder when 170 is divided by 33.
5
Calculate the remainder when 15 is divided by 9.
6
What is the remainder when 1451 is divided by 159?
20
What is the remainder when 5635 is divided by 83?
74
Calculate the remainder when 104 is divided by 58.
46
Calculate the remainder when 430 is divided by 167.
96
What is the remainder when 655 is divided by 80?
15
Calculate the remainder when 205 is divided by 43.
33
Calculate the remainder when 533 is divided by 1.
0
Calculate the remainder when 481 is divided by 69.
67
What is the remainder when 101 is divided by 43?
15
Calculate the remainder when 1197 is divided by 25.
22
Calculate the remainder when 3050 is divided by 169.
8
What is the remainder when 74 is divided by 18?
2
What is the remainder when 178 is divided by 41?
14
Calculate the remainder when 186 is divided by 22.
10
What is the remainder when 157 is divided by 70?
17
Calculate the remainder when 153 is divided by 39.
36
What is the remainder when 734 is divided by 82?
78
What is the remainder when 39 is divided by 31?
8
What is the remainder when 447 is divided by 9?
6
Calculate the remainder when 2192 is divided by 51.
50
Calculate the remainder when 1815 is divided by 140.
135
Calculate the remainder when 188 is divided by 8.
4
What is the remainder when 1285 is divided by 143?
141
What is the remainder when 11 is divided by 8?
3
What is the remainder when 81 is divided by 2?
1
Calculate the remainder when 611 is divided by 56.
51
Calculate the remainder when 103 is divided by 6.
1
Calculate the remainder when 2089 is divided by 72.
1
Calculate the remainder when 953 is divided by 5.
3
What is the remainder when 59 is divided by 4?
3
What is the remainder when 1449 is divided by 66?
63
Calculate the remainder when 975 is divided by 337.
301
Calculate the remainder when 265 is divided by 68.
61
Calculate the remainder when 337 is divided by 65.
12
What is the remainder when 187 is divided by 19?
16
What is the remainder when 1533 is divided by 217?
14
Calculate the remainder when 1128 is divided by 184.
24
What is the remainder when 355 is divided by 109?
28
Calculate the remainder when 83 is divided by 28.
27
What is the remainder when 202 is divided by 7?
6
Calculate the remainder when 387 is divided by 104.
75
Calculate the remainder when 154 is divided by 52.
50
Calculate the remainder when 20211 is divided by 493.
491
Calculate the remainder when 1939 is divided by 20.
19
Calculate the remainder when 4766 is divided by 45.
41
Calculate the remainder when 724 is divided by 321.
82
What is 